{"id":38,"date":"2020-07-31T10:12:34","date_gmt":"2020-07-31T10:12:34","guid":{"rendered":"https:\/\/www.auf-der-theta.de\/?page_id=38"},"modified":"2025-08-12T06:56:11","modified_gmt":"2025-08-12T06:56:11","slug":"biergarten","status":"publish","type":"page","link":"https:\/\/www.auf-der-theta.de\/index.php\/biergarten\/","title":{"rendered":"Biergarten"},"content":{"rendered":"\n<p class=\"has-text-align-center has-vivid-red-color has-text-color\">\u2764\ufe0fAm 1. MAI haben wir geschlossen\u2764\ufe0f<\/p>\n\n\n\n<p>\u2764\ufe0fVatertag ab 11 Uhr ge\u00f6ffnet\u2764\ufe0f<\/p>\n\n\n\n<p>\ud83e\udd70Pfingstsonntag und -montag und Frohnleichnam ab 11 Uhr ge\u00f6ffnet\u2764\ufe0f<\/p>\n\n\n\n<p class=\"has-text-align-center\"><strong> <\/strong><\/p>\n\n\n\n<p>Donnerstag und Freitag von 13 Uhr bis 21 Uhr<\/p>\n\n\n\n<p>Samstag von 11 Uhr bis 21 Uhr, Sonntag 11 Uhr bis 20 Uhr<\/p>\n\n\n\n<p><\/p>\n\n\n\n<p><\/p>\n\n\n\n<p><\/p>\n\n\n\n<p><\/p>\n\n\n\n<p class=\"has-text-align-center has-vivid-red-color has-text-color\"><\/p>\n\n\n\n<p><\/p>\n\n\n\n<p class=\"has-text-align-center has-vivid-red-color has-text-color\"><\/p>\n\n\n\n<h2 class=\"wp-block-heading\">Auf der Theta \u2013 Die Sonnenterasse \u00fcber Bayreuth<\/h2>\n\n\n<div id=\"pl-gb38-69f48d3868dea\"  class=\"panel-layout wp-block-siteorigin-panels-layout-block\" ><div id=\"pg-gb38-69f48d3868dea-0\"  class=\"panel-grid panel-no-style\" ><div id=\"pgc-gb38-69f48d3868dea-0-0\"  class=\"panel-grid-cell\" ><div id=\"panel-gb38-69f48d3868dea-0-0-0\" class=\"so-panel widget widget_sow-image panel-first-child panel-last-child\" data-index=\"0\" ><div\n\t\t\t\n\t\t\tclass=\"so-widget-sow-image so-widget-sow-image-default-8b5b6f678277-38\"\n\t\t\t\n\t\t>\n<div class=\"sow-image-container\">\n\t\t<img \n\tsrc=\"https:\/\/www.auf-der-theta.de\/wp-content\/uploads\/2020\/08\/IMG_1256_2.jpg\" width=\"1856\" height=\"1510\" srcset=\"https:\/\/www.auf-der-theta.de\/wp-content\/uploads\/2020\/08\/IMG_1256_2.jpg 1856w, https:\/\/www.auf-der-theta.de\/wp-content\/uploads\/2020\/08\/IMG_1256_2-300x244.jpg 300w, https:\/\/www.auf-der-theta.de\/wp-content\/uploads\/2020\/08\/IMG_1256_2-1024x833.jpg 1024w, https:\/\/www.auf-der-theta.de\/wp-content\/uploads\/2020\/08\/IMG_1256_2-768x625.jpg 768w, https:\/\/www.auf-der-theta.de\/wp-content\/uploads\/2020\/08\/IMG_1256_2-1536x1250.jpg 1536w\" sizes=\"(max-width: 1856px) 100vw, 1856px\" alt=\"\" \t\tclass=\"so-widget-image\"\/>\n\t<\/div>\n\n<\/div><\/div><\/div><\/div><\/div>\n\n\n<p>An drei Seiten umgeben die denkmalgesch\u00fctzten Gem\u00e4uer den von Rosen und Nussb\u00e4umen umspielten Biergarten. Hier k\u00f6nnen Sie Ihre Seele baumeln lassen.<\/p>\n\n\n\n<p>Das leckere Bier, die hausgemachten Limonaden und die S\u00e4fte aus unserem eigenen Obst sind in Franken in aller Munde.<\/p>\n\n\n\n<p>L\u00e4ndlich gelegen in der wundersch\u00f6nen Staudn, mit dem Flair eines alten Hofes mit vorgelagerten Obstgarten. Genie\u00dfen Sie unsere hausgemachten Brotzeiten und t\u00e4glich wechselnden warmen Tagesempfehlungen &#8211; da ist f\u00fcr jeden was dabei! Im Sommer bieten wir jeden sch\u00f6nen Freitag ab 17 Uhr Flammkuchen und gegrillten Fisch aus unserer &#8222;Schwarzen K\u00fcche&#8220; an &#8211; hier wird auf offenem Feuer gekocht!<\/p>\n\n\n\n<p>In unserem Biergarten wird auch an die Kinder gedacht &#8211; hier k\u00f6nnen sie sich austoben. Ein weitl\u00e4ufiger Naturspielplatz mit Sandhaufen und ein immer wieder neu erbautes Lager bieten den Kindern Raum f\u00fcr Kreativit\u00e4t. <\/p>\n\n\n\n<p><\/p>\n","protected":false},"excerpt":{"rendered":"<p>Auf der Theta \u2013 Die Sonnenterasse \u00fcber Bayreuth An drei Seiten umgeben die denkmalgesch\u00fctzten Gem\u00e4uer den von Rosen und Nussb\u00e4umen umspielten Biergarten. Hier k\u00f6nnen Sie Ihre Seele baumeln lassen. Das leckere Bier, die hausgemachten Limonaden und die S\u00e4fte aus unserem eigenen Obst sind in Franken in aller Munde. L\u00e4ndlich gelegen in der wundersch\u00f6nen Staudn, mit [&hellip;]<\/p>\n","protected":false},"author":1,"featured_media":0,"parent":0,"menu_order":0,"comment_status":"closed","ping_status":"closed","template":"","meta":{"footnotes":""},"class_list":["post-38","page","type-page","status-publish","hentry"],"yoast_head":"<!-- This site is optimized with the Yoast SEO plugin v25.6 - https:\/\/yoast.com\/wordpress\/plugins\/seo\/ -->\n<title>Biergarten - Auf der Theta<\/title>\n<meta name=\"description\" content=\"Auf der Theta - Gastst\u00e4tte und Biergarten.\" \/>\n<meta name=\"robots\" content=\"index, follow, max-snippet:-1, max-image-preview:large, max-video-preview:-1\" \/>\n<link rel=\"canonical\" href=\"https:\/\/www.auf-der-theta.de\/index.php\/biergarten\/\" \/>\n<meta property=\"og:locale\" content=\"de_DE\" \/>\n<meta property=\"og:type\" content=\"article\" \/>\n<meta property=\"og:title\" content=\"Biergarten - Auf der Theta\" \/>\n<meta property=\"og:description\" content=\"Auf der Theta - Gastst\u00e4tte und Biergarten.\" \/>\n<meta property=\"og:url\" content=\"https:\/\/www.auf-der-theta.de\/index.php\/biergarten\/\" \/>\n<meta property=\"og:site_name\" content=\"Auf der Theta\" \/>\n<meta property=\"article:publisher\" content=\"http:\/\/www.facebook.com\/pages\/category\/Beer-Garden\/Auf-der-Theta-Gasthaus-Biergarten-151072028261705\/\" \/>\n<meta property=\"article:modified_time\" content=\"2025-08-12T06:56:11+00:00\" \/>\n<meta name=\"twitter:card\" content=\"summary_large_image\" \/>\n<meta name=\"twitter:label1\" content=\"Gesch\u00e4tzte Lesezeit\" \/>\n\t<meta name=\"twitter:data1\" content=\"2\u00a0Minuten\" \/>\n<script type=\"application\/ld+json\" class=\"yoast-schema-graph\">{\"@context\":\"https:\/\/schema.org\",\"@graph\":[{\"@type\":\"WebPage\",\"@id\":\"https:\/\/www.auf-der-theta.de\/index.php\/biergarten\/\",\"url\":\"https:\/\/www.auf-der-theta.de\/index.php\/biergarten\/\",\"name\":\"Biergarten - Auf der Theta\",\"isPartOf\":{\"@id\":\"https:\/\/www.auf-der-theta.de\/#website\"},\"datePublished\":\"2020-07-31T10:12:34+00:00\",\"dateModified\":\"2025-08-12T06:56:11+00:00\",\"description\":\"Auf der Theta - Gastst\u00e4tte und Biergarten.\",\"breadcrumb\":{\"@id\":\"https:\/\/www.auf-der-theta.de\/index.php\/biergarten\/#breadcrumb\"},\"inLanguage\":\"de\",\"potentialAction\":[{\"@type\":\"ReadAction\",\"target\":[\"https:\/\/www.auf-der-theta.de\/index.php\/biergarten\/\"]}]},{\"@type\":\"BreadcrumbList\",\"@id\":\"https:\/\/www.auf-der-theta.de\/index.php\/biergarten\/#breadcrumb\",\"itemListElement\":[{\"@type\":\"ListItem\",\"position\":1,\"name\":\"Startseite\",\"item\":\"https:\/\/www.auf-der-theta.de\/\"},{\"@type\":\"ListItem\",\"position\":2,\"name\":\"Biergarten\"}]},{\"@type\":\"WebSite\",\"@id\":\"https:\/\/www.auf-der-theta.de\/#website\",\"url\":\"https:\/\/www.auf-der-theta.de\/\",\"name\":\"Auf der Theta\",\"description\":\"Gasthaus und Biergarten\",\"potentialAction\":[{\"@type\":\"SearchAction\",\"target\":{\"@type\":\"EntryPoint\",\"urlTemplate\":\"https:\/\/www.auf-der-theta.de\/?s={search_term_string}\"},\"query-input\":{\"@type\":\"PropertyValueSpecification\",\"valueRequired\":true,\"valueName\":\"search_term_string\"}}],\"inLanguage\":\"de\"}]}<\/script>\n<!-- \/ Yoast SEO plugin. -->","yoast_head_json":{"title":"Biergarten - Auf der Theta","description":"Auf der Theta - Gastst\u00e4tte und Biergarten.","robots":{"index":"index","follow":"follow","max-snippet":"max-snippet:-1","max-image-preview":"max-image-preview:large","max-video-preview":"max-video-preview:-1"},"canonical":"https:\/\/www.auf-der-theta.de\/index.php\/biergarten\/","og_locale":"de_DE","og_type":"article","og_title":"Biergarten - Auf der Theta","og_description":"Auf der Theta - Gastst\u00e4tte und Biergarten.","og_url":"https:\/\/www.auf-der-theta.de\/index.php\/biergarten\/","og_site_name":"Auf der Theta","article_publisher":"http:\/\/www.facebook.com\/pages\/category\/Beer-Garden\/Auf-der-Theta-Gasthaus-Biergarten-151072028261705\/","article_modified_time":"2025-08-12T06:56:11+00:00","twitter_card":"summary_large_image","twitter_misc":{"Gesch\u00e4tzte Lesezeit":"2\u00a0Minuten"},"schema":{"@context":"https:\/\/schema.org","@graph":[{"@type":"WebPage","@id":"https:\/\/www.auf-der-theta.de\/index.php\/biergarten\/","url":"https:\/\/www.auf-der-theta.de\/index.php\/biergarten\/","name":"Biergarten - Auf der Theta","isPartOf":{"@id":"https:\/\/www.auf-der-theta.de\/#website"},"datePublished":"2020-07-31T10:12:34+00:00","dateModified":"2025-08-12T06:56:11+00:00","description":"Auf der Theta - Gastst\u00e4tte und Biergarten.","breadcrumb":{"@id":"https:\/\/www.auf-der-theta.de\/index.php\/biergarten\/#breadcrumb"},"inLanguage":"de","potentialAction":[{"@type":"ReadAction","target":["https:\/\/www.auf-der-theta.de\/index.php\/biergarten\/"]}]},{"@type":"BreadcrumbList","@id":"https:\/\/www.auf-der-theta.de\/index.php\/biergarten\/#breadcrumb","itemListElement":[{"@type":"ListItem","position":1,"name":"Startseite","item":"https:\/\/www.auf-der-theta.de\/"},{"@type":"ListItem","position":2,"name":"Biergarten"}]},{"@type":"WebSite","@id":"https:\/\/www.auf-der-theta.de\/#website","url":"https:\/\/www.auf-der-theta.de\/","name":"Auf der Theta","description":"Gasthaus und Biergarten","potentialAction":[{"@type":"SearchAction","target":{"@type":"EntryPoint","urlTemplate":"https:\/\/www.auf-der-theta.de\/?s={search_term_string}"},"query-input":{"@type":"PropertyValueSpecification","valueRequired":true,"valueName":"search_term_string"}}],"inLanguage":"de"}]}},"jetpack_sharing_enabled":true,"_links":{"self":[{"href":"https:\/\/www.auf-der-theta.de\/index.php\/wp-json\/wp\/v2\/pages\/38"}],"collection":[{"href":"https:\/\/www.auf-der-theta.de\/index.php\/wp-json\/wp\/v2\/pages"}],"about":[{"href":"https:\/\/www.auf-der-theta.de\/index.php\/wp-json\/wp\/v2\/types\/page"}],"author":[{"embeddable":true,"href":"https:\/\/www.auf-der-theta.de\/index.php\/wp-json\/wp\/v2\/users\/1"}],"replies":[{"embeddable":true,"href":"https:\/\/www.auf-der-theta.de\/index.php\/wp-json\/wp\/v2\/comments?post=38"}],"version-history":[{"count":23,"href":"https:\/\/www.auf-der-theta.de\/index.php\/wp-json\/wp\/v2\/pages\/38\/revisions"}],"predecessor-version":[{"id":775,"href":"https:\/\/www.auf-der-theta.de\/index.php\/wp-json\/wp\/v2\/pages\/38\/revisions\/775"}],"wp:attachment":[{"href":"https:\/\/www.auf-der-theta.de\/index.php\/wp-json\/wp\/v2\/media?parent=38"}],"curies":[{"name":"wp","href":"https:\/\/api.w.org\/{rel}","templated":true}]}}