{"id":591,"date":"2023-03-17T16:17:54","date_gmt":"2023-03-17T16:17:54","guid":{"rendered":"https:\/\/www.auf-der-theta.de\/?page_id=591"},"modified":"2026-03-29T12:51:48","modified_gmt":"2026-03-29T12:51:48","slug":"aktuelles","status":"publish","type":"page","link":"https:\/\/www.auf-der-theta.de\/index.php\/aktuelles\/","title":{"rendered":"Aktuelles"},"content":{"rendered":"\n<p>Der Fr\u00fchling ist da , Die Theta hat wieder offen. <\/p>\n\n\n\n<p>Trotz Baustelle in Euben sind wir gut zu erreichen. \u00dcber Cottenbach und Theta ganz normal oder \u00fcber Euben &#8211; Heisenstein &#8211; Haselhof und Theta. <\/p>\n\n\n\n<p>Die Umleitung in Euben sollte ausgeschildert sein.<\/p>\n\n\n\n<p>wir freuen uns auf Euch<\/p>\n\n\n\n<p>\ud83d\udc23An allen Osterfeiertagen ab 11 Uhr ge\u00f6ffnet<\/p>\n\n\n\n<p><\/p>\n\n\n\n<p><\/p>\n\n\n\n<p><\/p>\n\n\n\n<p class=\"has-text-align-center\"><\/p>\n\n\n\n<p class=\"has-text-align-center\"><\/p>\n\n\n\n<p><\/p>\n\n\n\n<p><\/p>\n\n\n\n<p><\/p>\n\n\n\n<p><\/p>\n\n\n\n<div class=\"wp-block-group\"><div class=\"wp-block-group__inner-container is-layout-grid wp-container-core-group-is-layout-1 wp-block-group-is-layout-grid\">\n<p class=\"wp-container-content-1\"><\/p>\n\n\n\n<p><\/p>\n\n\n\n<p><\/p>\n\n\n\n<p><\/p>\n\n\n\n<p class=\"wp-container-content-2\"><\/p>\n\n\n\n<p class=\"wp-container-content-3\"><\/p>\n\n\n\n<p><\/p>\n\n\n\n<p><\/p>\n\n\n\n<p class=\"wp-container-content-4\"><\/p>\n\n\n\n<p class=\"wp-container-content-5\"><\/p>\n\n\n\n<p><\/p>\n\n\n\n<p class=\"wp-container-content-6\"><\/p>\n\n\n\n<p><\/p>\n\n\n\n<p class=\"wp-container-content-7\"><\/p>\n\n\n\n<p><\/p>\n\n\n\n<p><\/p>\n<\/div><\/div>\n\n\n\n<hr class=\"wp-block-separator has-alpha-channel-opacity\"\/>\n\n\n\n<h2 class=\"wp-block-heading\">F\u00fcr weitere aktuelle Infos wie unsere t\u00e4glich wechselnde Speisekarte oder weitere Termine, folgt uns auf Instagram:<\/h2>\n\n\n        <div\n            class=\"spotlight-instagram-feed\"\n            data-feed-var=\"cc3a3f41\"\n            data-analytics=\"0\"\n            data-instance=\"591\"\n        >\n        <\/div>\n        <input type=\"hidden\" id=\"sli__f__cc3a3f41\" data-json='{&quot;useCase&quot;:&quot;accounts&quot;,&quot;template&quot;:&quot;classic&quot;,&quot;layout&quot;:&quot;grid&quot;,&quot;numColumns&quot;:{&quot;desktop&quot;:3},&quot;highlightFreq&quot;:{&quot;desktop&quot;:7},&quot;sliderNumScrollPosts&quot;:{&quot;desktop&quot;:1},&quot;sliderInfinite&quot;:true,&quot;sliderLoop&quot;:false,&quot;sliderArrowPos&quot;:{&quot;desktop&quot;:&quot;inside&quot;},&quot;sliderArrowSize&quot;:{&quot;desktop&quot;:20},&quot;sliderArrowColor&quot;:{&quot;r&quot;:255,&quot;b&quot;:255,&quot;g&quot;:255,&quot;a&quot;:1},&quot;sliderArrowBgColor&quot;:{&quot;r&quot;:0,&quot;b&quot;:0,&quot;g&quot;:0,&quot;a&quot;:0.8},&quot;sliderAutoScroll&quot;:false,&quot;sliderAutoInterval&quot;:3,&quot;postOrder&quot;:&quot;date_desc&quot;,&quot;numPosts&quot;:{&quot;desktop&quot;:9},&quot;linkBehavior&quot;:{&quot;desktop&quot;:&quot;lightbox&quot;},&quot;feedWidth&quot;:{&quot;desktop&quot;:&quot;&quot;},&quot;feedHeight&quot;:{&quot;desktop&quot;:&quot;&quot;},&quot;feedPadding&quot;:{&quot;desktop&quot;:24,&quot;tablet&quot;:14,&quot;phone&quot;:10},&quot;imgPadding&quot;:{&quot;desktop&quot;:10,&quot;tablet&quot;:10,&quot;phone&quot;:6},&quot;textSize&quot;:{&quot;desktop&quot;:&quot;&quot;,&quot;tablet&quot;:&quot;&quot;,&quot;phone&quot;:&quot;&quot;},&quot;bgColor&quot;:{&quot;r&quot;:255,&quot;g&quot;:255,&quot;b&quot;:255,&quot;a&quot;:1},&quot;hoverInfo&quot;:[&quot;likes_comments&quot;,&quot;insta_link&quot;],&quot;textColorHover&quot;:{&quot;r&quot;:255,&quot;g&quot;:255,&quot;b&quot;:255,&quot;a&quot;:1},&quot;bgColorHover&quot;:{&quot;r&quot;:0,&quot;g&quot;:0,&quot;b&quot;:0,&quot;a&quot;:0.5},&quot;showHeader&quot;:{&quot;desktop&quot;:true},&quot;headerInfo&quot;:{&quot;desktop&quot;:[&quot;profile_pic&quot;,&quot;bio&quot;]},&quot;headerAccount&quot;:5,&quot;headerStyle&quot;:{&quot;desktop&quot;:&quot;normal&quot;,&quot;phone&quot;:&quot;normal&quot;},&quot;headerTextSize&quot;:{&quot;desktop&quot;:&quot;&quot;},&quot;headerPhotoSize&quot;:{&quot;desktop&quot;:50},&quot;headerTextColor&quot;:{&quot;r&quot;:0,&quot;g&quot;:0,&quot;b&quot;:0,&quot;a&quot;:1},&quot;headerBgColor&quot;:{&quot;r&quot;:255,&quot;g&quot;:255,&quot;b&quot;:255,&quot;a&quot;:0},&quot;headerPadding&quot;:{&quot;desktop&quot;:0,&quot;phone&quot;:0},&quot;customProfilePic&quot;:0,&quot;customBioText&quot;:&quot;&quot;,&quot;includeStories&quot;:false,&quot;storiesInterval&quot;:5,&quot;showCaptions&quot;:{&quot;desktop&quot;:false},&quot;captionMaxLength&quot;:{&quot;desktop&quot;:0},&quot;captionRemoveDots&quot;:false,&quot;captionSize&quot;:{&quot;desktop&quot;:0},&quot;captionColor&quot;:{&quot;r&quot;:0,&quot;g&quot;:0,&quot;b&quot;:0,&quot;a&quot;:1},&quot;showLikes&quot;:{&quot;desktop&quot;:false},&quot;showComments&quot;:{&quot;desktop&quot;:false},&quot;lcIconSize&quot;:{&quot;desktop&quot;:14},&quot;likesIconColor&quot;:{&quot;r&quot;:0,&quot;g&quot;:0,&quot;b&quot;:0,&quot;a&quot;:1},&quot;commentsIconColor&quot;:{&quot;r&quot;:0,&quot;g&quot;:0,&quot;b&quot;:0,&quot;a&quot;:1},&quot;lightboxShowSidebar&quot;:false,&quot;lightboxCtaStyle&quot;:&quot;link&quot;,&quot;lightboxCtaDesign&quot;:{&quot;text&quot;:{&quot;color&quot;:{&quot;r&quot;:0,&quot;g&quot;:0,&quot;b&quot;:0,&quot;a&quot;:1},&quot;align&quot;:&quot;center&quot;},&quot;bgColor&quot;:{&quot;r&quot;:230,&quot;g&quot;:230,&quot;b&quot;:230,&quot;a&quot;:1},&quot;border&quot;:{&quot;radius&quot;:3}},&quot;numLightboxComments&quot;:50,&quot;showLoadMoreBtn&quot;:{&quot;desktop&quot;:true},&quot;loadMoreBtnDesign&quot;:{&quot;text&quot;:{&quot;color&quot;:{&quot;r&quot;:35,&quot;g&quot;:143,&quot;b&quot;:181,&quot;a&quot;:1},&quot;align&quot;:&quot;center&quot;},&quot;border&quot;:{&quot;radius&quot;:3},&quot;bgColor&quot;:{&quot;r&quot;:41,&quot;g&quot;:167,&quot;b&quot;:210,&quot;a&quot;:0.1},&quot;margin&quot;:{&quot;top&quot;:0,&quot;bottom&quot;:0,&quot;left&quot;:0,&quot;right&quot;:0}},&quot;loadMoreBtnText&quot;:&quot;Load More Posts&quot;,&quot;loadMoreBtnScroll&quot;:false,&quot;autoload&quot;:false,&quot;showFollowBtn&quot;:{&quot;desktop&quot;:true},&quot;followBtnText&quot;:&quot;Follow on Instagram&quot;,&quot;followBtnDesign&quot;:{&quot;text&quot;:{&quot;color&quot;:{&quot;r&quot;:255,&quot;g&quot;:255,&quot;b&quot;:255,&quot;a&quot;:1},&quot;align&quot;:&quot;center&quot;},&quot;border&quot;:{&quot;radius&quot;:3},&quot;bgColor&quot;:{&quot;r&quot;:41,&quot;g&quot;:167,&quot;b&quot;:210,&quot;a&quot;:1},&quot;margin&quot;:{&quot;top&quot;:0,&quot;bottom&quot;:0,&quot;left&quot;:0,&quot;right&quot;:0}},&quot;followBtnLocation&quot;:{&quot;desktop&quot;:&quot;header&quot;,&quot;phone&quot;:&quot;bottom&quot;},&quot;alignFooterButtons&quot;:{&quot;desktop&quot;:false},&quot;customCss&quot;:&quot;\\\/* Enter your custom CSS below *\\\/\\n\\n&quot;,&quot;accounts&quot;:[620],&quot;tagged&quot;:[],&quot;hashtags&quot;:[],&quot;mediaType&quot;:&quot;all&quot;,&quot;hashtagWhitelist&quot;:[],&quot;hashtagBlacklist&quot;:[],&quot;captionWhitelist&quot;:[],&quot;captionBlacklist&quot;:[],&quot;hashtagWhitelistSettings&quot;:true,&quot;hashtagBlacklistSettings&quot;:true,&quot;captionWhitelistSettings&quot;:true,&quot;captionBlacklistSettings&quot;:true,&quot;moderation&quot;:[],&quot;moderationMode&quot;:&quot;blacklist&quot;,&quot;promosVersion&quot;:2,&quot;promosEnabled&quot;:true,&quot;globalPromosEnabled&quot;:true,&quot;autoPromosEnabled&quot;:true,&quot;promoOverrides&quot;:[],&quot;feedPromo&quot;:{&quot;linkSource&quot;:{&quot;type&quot;:null},&quot;linkBehavior&quot;:{&quot;openNewTab&quot;:false,&quot;showPopupBox&quot;:false},&quot;linkText&quot;:&quot;&quot;},&quot;gaCampaignSource&quot;:&quot;&quot;,&quot;gaCampaignMedium&quot;:&quot;&quot;,&quot;gaCampaignName&quot;:&quot;&quot;,&quot;className&quot;:&quot;&quot;}' \/>\n        <input type=\"hidden\" id=\"sli__a__cc3a3f41\" data-json='[{&quot;id&quot;:620,&quot;type&quot;:&quot;BUSINESS&quot;,&quot;userId&quot;:&quot;17841408117730255&quot;,&quot;username&quot;:&quot;aufdertheta&quot;,&quot;bio&quot;:&quot;\\u00d6ffnungszeiten: \\n\\ud83c\\udf7bDo. - Fr. ab 13 Uhr\\n\\ud83c\\udf7bSamstag von 11 Uhr bis 21 Uhr\\n\\ud83c\\udf7bSonntag von 11 Uhr bis 20 Uhr&quot;,&quot;customBio&quot;:&quot;&quot;,&quot;profilePicUrl&quot;:&quot;https:\\\/\\\/scontent-fra3-2.xx.fbcdn.net\\\/v\\\/t51.2885-15\\\/212098067_1096753554479319_2463780386542328767_n.jpg?_nc_cat=111&amp;ccb=1-7&amp;_nc_sid=7d201b&amp;_nc_ohc=EsAI84-KG0kQ7kNvwHGTXlj&amp;_nc_oc=AdoG7P83LoyQY3eNJHZy1kHMKZXYadNNuyuEWwQeIhFMkzf7E4zEft6rMUUt7Wh0f_0WgyQKNmYExD-C4nmeNehK&amp;_nc_zt=23&amp;_nc_ht=scontent-fra3-2.xx&amp;edm=AL-3X8kEAAAA&amp;oh=00_Af15qVOekW09NgJtfoKEzVf4yBIlSVFj-wM8HsFLsA3VMA&amp;oe=69E7B568&quot;,&quot;customProfilePicUrl&quot;:&quot;&quot;,&quot;mediaCount&quot;:&quot;46&quot;,&quot;followersCount&quot;:&quot;1436&quot;,&quot;usages&quot;:[],&quot;creationDate&quot;:&quot;2023-03-17 16:52:57&quot;}]' \/>\n        <input type=\"hidden\" id=\"sli__m__cc3a3f41\" data-json='[]' \/>\n        \n\n\n<div class=\"wp-block-query is-layout-flow wp-block-query-is-layout-flow\"><\/div>\n","protected":false},"excerpt":{"rendered":"<p>Der Fr\u00fchling ist da , Die Theta hat wieder offen. Trotz Baustelle in Euben sind wir gut zu erreichen. \u00dcber Cottenbach und Theta ganz normal oder \u00fcber Euben &#8211; Heisenstein &#8211; Haselhof und Theta. Die Umleitung in Euben sollte ausgeschildert sein. wir freuen uns auf Euch \ud83d\udc23An allen Osterfeiertagen ab 11 Uhr ge\u00f6ffnet F\u00fcr weitere [&hellip;]<\/p>\n","protected":false},"author":1,"featured_media":0,"parent":0,"menu_order":0,"comment_status":"closed","ping_status":"closed","template":"","meta":{"footnotes":""},"class_list":["post-591","page","type-page","status-publish","hentry"],"yoast_head":"<!-- This site is optimized with the Yoast SEO plugin v25.6 - https:\/\/yoast.com\/wordpress\/plugins\/seo\/ -->\n<title>Aktuelles - Auf der Theta<\/title>\n<meta name=\"robots\" content=\"index, follow, max-snippet:-1, max-image-preview:large, max-video-preview:-1\" \/>\n<link rel=\"canonical\" href=\"https:\/\/www.auf-der-theta.de\/index.php\/aktuelles\/\" \/>\n<meta property=\"og:locale\" content=\"de_DE\" \/>\n<meta property=\"og:type\" content=\"article\" \/>\n<meta property=\"og:title\" content=\"Aktuelles - Auf der Theta\" \/>\n<meta property=\"og:description\" content=\"Der Fr\u00fchling ist da , Die Theta hat wieder offen. Trotz Baustelle in Euben sind wir gut zu erreichen. \u00dcber Cottenbach und Theta ganz normal oder \u00fcber Euben &#8211; Heisenstein &#8211; Haselhof und Theta. Die Umleitung in Euben sollte ausgeschildert sein. wir freuen uns auf Euch \ud83d\udc23An allen Osterfeiertagen ab 11 Uhr ge\u00f6ffnet F\u00fcr weitere [&hellip;]\" \/>\n<meta property=\"og:url\" content=\"https:\/\/www.auf-der-theta.de\/index.php\/aktuelles\/\" \/>\n<meta property=\"og:site_name\" content=\"Auf der Theta\" \/>\n<meta property=\"article:publisher\" content=\"http:\/\/www.facebook.com\/pages\/category\/Beer-Garden\/Auf-der-Theta-Gasthaus-Biergarten-151072028261705\/\" \/>\n<meta property=\"article:modified_time\" content=\"2026-03-29T12:51:48+00:00\" \/>\n<meta name=\"twitter:card\" content=\"summary_large_image\" \/>\n<meta name=\"twitter:label1\" content=\"Gesch\u00e4tzte Lesezeit\" \/>\n\t<meta name=\"twitter:data1\" content=\"1\u00a0Minute\" \/>\n<script type=\"application\/ld+json\" class=\"yoast-schema-graph\">{\"@context\":\"https:\/\/schema.org\",\"@graph\":[{\"@type\":\"WebPage\",\"@id\":\"https:\/\/www.auf-der-theta.de\/index.php\/aktuelles\/\",\"url\":\"https:\/\/www.auf-der-theta.de\/index.php\/aktuelles\/\",\"name\":\"Aktuelles - Auf der Theta\",\"isPartOf\":{\"@id\":\"https:\/\/www.auf-der-theta.de\/#website\"},\"datePublished\":\"2023-03-17T16:17:54+00:00\",\"dateModified\":\"2026-03-29T12:51:48+00:00\",\"breadcrumb\":{\"@id\":\"https:\/\/www.auf-der-theta.de\/index.php\/aktuelles\/#breadcrumb\"},\"inLanguage\":\"de\",\"potentialAction\":[{\"@type\":\"ReadAction\",\"target\":[\"https:\/\/www.auf-der-theta.de\/index.php\/aktuelles\/\"]}]},{\"@type\":\"BreadcrumbList\",\"@id\":\"https:\/\/www.auf-der-theta.de\/index.php\/aktuelles\/#breadcrumb\",\"itemListElement\":[{\"@type\":\"ListItem\",\"position\":1,\"name\":\"Startseite\",\"item\":\"https:\/\/www.auf-der-theta.de\/\"},{\"@type\":\"ListItem\",\"position\":2,\"name\":\"Aktuelles\"}]},{\"@type\":\"WebSite\",\"@id\":\"https:\/\/www.auf-der-theta.de\/#website\",\"url\":\"https:\/\/www.auf-der-theta.de\/\",\"name\":\"Auf der Theta\",\"description\":\"Gasthaus und Biergarten\",\"potentialAction\":[{\"@type\":\"SearchAction\",\"target\":{\"@type\":\"EntryPoint\",\"urlTemplate\":\"https:\/\/www.auf-der-theta.de\/?s={search_term_string}\"},\"query-input\":{\"@type\":\"PropertyValueSpecification\",\"valueRequired\":true,\"valueName\":\"search_term_string\"}}],\"inLanguage\":\"de\"}]}<\/script>\n<!-- \/ Yoast SEO plugin. -->","yoast_head_json":{"title":"Aktuelles - Auf der Theta","robots":{"index":"index","follow":"follow","max-snippet":"max-snippet:-1","max-image-preview":"max-image-preview:large","max-video-preview":"max-video-preview:-1"},"canonical":"https:\/\/www.auf-der-theta.de\/index.php\/aktuelles\/","og_locale":"de_DE","og_type":"article","og_title":"Aktuelles - Auf der Theta","og_description":"Der Fr\u00fchling ist da , Die Theta hat wieder offen. Trotz Baustelle in Euben sind wir gut zu erreichen. \u00dcber Cottenbach und Theta ganz normal oder \u00fcber Euben &#8211; Heisenstein &#8211; Haselhof und Theta. Die Umleitung in Euben sollte ausgeschildert sein. wir freuen uns auf Euch \ud83d\udc23An allen Osterfeiertagen ab 11 Uhr ge\u00f6ffnet F\u00fcr weitere [&hellip;]","og_url":"https:\/\/www.auf-der-theta.de\/index.php\/aktuelles\/","og_site_name":"Auf der Theta","article_publisher":"http:\/\/www.facebook.com\/pages\/category\/Beer-Garden\/Auf-der-Theta-Gasthaus-Biergarten-151072028261705\/","article_modified_time":"2026-03-29T12:51:48+00:00","twitter_card":"summary_large_image","twitter_misc":{"Gesch\u00e4tzte Lesezeit":"1\u00a0Minute"},"schema":{"@context":"https:\/\/schema.org","@graph":[{"@type":"WebPage","@id":"https:\/\/www.auf-der-theta.de\/index.php\/aktuelles\/","url":"https:\/\/www.auf-der-theta.de\/index.php\/aktuelles\/","name":"Aktuelles - Auf der Theta","isPartOf":{"@id":"https:\/\/www.auf-der-theta.de\/#website"},"datePublished":"2023-03-17T16:17:54+00:00","dateModified":"2026-03-29T12:51:48+00:00","breadcrumb":{"@id":"https:\/\/www.auf-der-theta.de\/index.php\/aktuelles\/#breadcrumb"},"inLanguage":"de","potentialAction":[{"@type":"ReadAction","target":["https:\/\/www.auf-der-theta.de\/index.php\/aktuelles\/"]}]},{"@type":"BreadcrumbList","@id":"https:\/\/www.auf-der-theta.de\/index.php\/aktuelles\/#breadcrumb","itemListElement":[{"@type":"ListItem","position":1,"name":"Startseite","item":"https:\/\/www.auf-der-theta.de\/"},{"@type":"ListItem","position":2,"name":"Aktuelles"}]},{"@type":"WebSite","@id":"https:\/\/www.auf-der-theta.de\/#website","url":"https:\/\/www.auf-der-theta.de\/","name":"Auf der Theta","description":"Gasthaus und Biergarten","potentialAction":[{"@type":"SearchAction","target":{"@type":"EntryPoint","urlTemplate":"https:\/\/www.auf-der-theta.de\/?s={search_term_string}"},"query-input":{"@type":"PropertyValueSpecification","valueRequired":true,"valueName":"search_term_string"}}],"inLanguage":"de"}]}},"jetpack_sharing_enabled":true,"_links":{"self":[{"href":"https:\/\/www.auf-der-theta.de\/index.php\/wp-json\/wp\/v2\/pages\/591"}],"collection":[{"href":"https:\/\/www.auf-der-theta.de\/index.php\/wp-json\/wp\/v2\/pages"}],"about":[{"href":"https:\/\/www.auf-der-theta.de\/index.php\/wp-json\/wp\/v2\/types\/page"}],"author":[{"embeddable":true,"href":"https:\/\/www.auf-der-theta.de\/index.php\/wp-json\/wp\/v2\/users\/1"}],"replies":[{"embeddable":true,"href":"https:\/\/www.auf-der-theta.de\/index.php\/wp-json\/wp\/v2\/comments?post=591"}],"version-history":[{"count":28,"href":"https:\/\/www.auf-der-theta.de\/index.php\/wp-json\/wp\/v2\/pages\/591\/revisions"}],"predecessor-version":[{"id":806,"href":"https:\/\/www.auf-der-theta.de\/index.php\/wp-json\/wp\/v2\/pages\/591\/revisions\/806"}],"wp:attachment":[{"href":"https:\/\/www.auf-der-theta.de\/index.php\/wp-json\/wp\/v2\/media?parent=591"}],"curies":[{"name":"wp","href":"https:\/\/api.w.org\/{rel}","templated":true}]}}